d by f?
2
Let q be 16/(-10) - (-2)/(-5). What is the remainder when 32 is divided by (5/5)/(q/(-22))?
10
Calculate the remainder when 3*6 + (-4 + -3 - -4) is divided by 4.
3
Let n = 38 + -18. What is the remainder when 37 is divided by n?
17
Let i(p) be the first derivative of -6*p**2 - 14*p + 1. Let t(z) = z + 1. Let b(n) = -2*i(n) - 28*t(n). What is the remainder when b(-5) is divided by 7?
6
Suppose 4*u + 0*u = 184. What is the remainder when 135 is divided by u?
43
Let a(k) = -k**2 + 8*k - 10. Let s be a(5). Calculate the remainder when 134 is divided by (2/s)/(1/85).
32
Suppose 0 = -5*f + 6 - 1, -2*z + 2*f - 2 = 0. Let p(l) = -l**2 - 32. Let n be p(z). Let a = 5 - n. Calculate the remainder when a is divided by 13.
11
Let h = 15 - 3. Calculate the remainder when 35 is divided by h.
11
Let y(c) = 2*c**2 - 2 - 2*c**3 - 3*c**2 - 2*c - c**3. Calculate the remainder when 43 is divided by y(-2).
21
Let o(r) = r**3 + 11*r**2 - 6*r - 9. Calculate the remainder when o(-11) is divided by 15.
12
Let x = -4 - -5. Let g = 2 + x. Suppose 0 = -5*o + g*o + 58. What is the remainder when o is divided by 15?
14
Let o(g) be the first derivative of g**2/2 - 4*g - 3. Calculate the remainder when 11 is divided by o(8).
3
What is the remainder when (2*-2)/(-1*1) is divided by (-9)/(-5) + 2/(-30)*-3?
0
Let b = -1 - -14. Calculate the remainder when 36 is divided by b.
10
Let s = -12 - -6. Let i = s - -30. What is the remainder when 11 is divided by ((-2)/(-4))/(2/i)?
5
Let j(b) = -b**2 + 8*b - 3. Suppose i = -o + 26, 3*o + 18*i = 23*i + 70. What is the remainder when o is divided by j(6)?
7
Suppose -l = 4*l. Let x = 4 - l. Suppose -h + 9 = -3*b, -2*h + 6*h = -b + 10. What is the remainder when x is divided by h?
1
Suppose 20 + 64 = a. What is the remainder when a is divided by 29?
26
Calculate the remainder when 39/(-26)*(-23)/(-3)*-10 is divided by 24.
19
Let o(k) = 7*k + 18. What is the remainder when o(4) is divided by 236/10 + 2/5?
22
Let b be (-3 - 0)/(12/8). Let p = -3 + b. What is the remainder when (-5)/(p/(-2))*-4 is divided by 3?
2
Let j(n) = -n**3 - 5*n**2 - 6*n - 3. Calculate the remainder when 53 is divided by j(-5).
26
Let c = -79 + 44. Calculate the remainder when (-172)/(-5) + 14/c is divided by 18.
16
Let g be (5*1)/(8 + -7). Suppose -t - 4*r + 32 = 0, -31 = 4*t + g*r - 181. Let v = -18 - -32. What is the remainder when t is divided by v?
12
Suppose 0 = -8*d + 6*d + 344. Suppose -3*b = -d - 224. Calculate the remainder when 64 is divided by b/(-8)*8/(-6).
20
Calculate the remainder when 3/(((-16)/(-4))/12) is divided by 3.
0
Let b(s) = 3*s**2 - s + 31. Calculate the remainder when b(6) is divided by 34.
31
Let c(v) = v**3 - v**2 + v - 2. Let o = 17 + -7. Calculate the remainder when c(3) is divided by o.
9
Let i(c) be the first derivative of c**4/4 + 4*c**3/3 + 3*c**2/2 - 4*c + 4. Let n be i(-3). What is the remainder when (-2)/n + (-9)/(-2) is divided by 3?
2
Let g be (-2)/((1/5)/1). Let q = 51 + g. Calculate the remainder when q is divided by 14.
13
Let u = 10 + -5. Suppose 0 = -u*x + 141 - 16. Calculate the remainder when 73 is divided by x.
23
Let c = -76 + 150. Let g(o) = 24*o + 1. Suppose -3*s + 4 = 1. What is the remainder when c is divided by g(s)?
24
Let g = 1 + 3. Suppose l = -l + g. What is the remainder when 13 is divided by -3*l/(-3) - -3?
3
Suppose 2*s + k = 49 + 7, 0 = 2*s - 5*k - 32. Suppose 5*p - 56 = p. Calculate the remainder when s is divided by p.
12
Calculate the remainder when 12 is divided by (14/6 + -3)*-12.
4
Suppose 4*x + 393 = x. Let o be x/5 - 1/(-5). Calculate the remainder when o*(1 - (-3)/(-2)) is divided by 8.
5
Let x = 8 + -4. Suppose x*y + 0*z = 3*z + 62, -26 = -2*y - z. Calculate the remainder when y is divided by 5.
4
Let f = -13 - -33. Calculate the remainder when 58 is divided by f.
18
Let m = -21 - -31. What is the remainder when m is divided by 6?
4
Let d = 4 + -2. Let j = 20 - d. What is the remainder when 35 is divided by j?
17
Suppose -1 = -j + 1. Let d(k) = 3*k**3 - k**2 + 2*k - 3. Let z be d(j). Let y = z - -4. Calculate the remainder when y is divided by 13.
12
What is the remainder when 33 is divided by 4/(-6) + 96/9 + -3?
5
Let j(g) be the third derivative of 5*g**4/24 + 5*g**3/6 + 3*g**2. What is the remainder when j(7) is divided by 2*7 + (-2 - -2)?
12
Let w be ((-21)/(-6) - 3)*10. Suppose 0 = 2*u - 2*r + 4, -2*u - 3*u + 2*r = -w. Suppose -5*b - u = -18. Calculate the remainder when 3 is divided by b.
0
What is the remainder when (4 - 2) + (-192)/(-2) is divided by 9?
8
Suppose 2*s - 3 - 1 = 0, 0 = 3*k + s + 58. Let d = -4 - k. What is the remainder when 63 is divided by d?
15
Suppose -2*f - f = -2*c - 44, -5*f - 4*c + 66 = 0. Suppose -246 = -2*k + 3*k. Calculate the remainder when (10/15)/((-4)/k) is divided by f.
13
Let q(j) = 2*j**3 - 2*j**2 - 2. Let f be q(2). Let y = f + 1. Calculate the remainder when 32 is divided by y.
4
Let y(k) = 5*k**2 - 3*k + 3. Let s be 3/2*4/3. Suppose -s*d + 3*d = 2. Calculate the remainder when y(d) is divided by 6.
5
Let l(k) = -k + 3. Let f(a) = -4*a**2 + a. Let v be f(1). Calculate the remainder when 17 is divided by l(v).
5
Let s be (-10)/(-1*(-1)/(-1)). Suppose -6*m + 5*b = -m - 40, -5*m - 5*b = -s. What is the remainder when m is divided by 3?
2
Let w(f) = f**2 - f - 1. Let o be w(0). What is the remainder when o*28*25/(-20) is divided by 9?
8
Let v = 24 + -22. Let y(n) = 6*n + 1. Let m be y(1). Let d = m + v. What is the remainder when 15 is divided by d?
6
Let l = 45 - 12. What is the remainder when 129 is divided by l?
30
Let o(i) be the third derivative of -i**4/24 + i**3/6 - i**2. Calculate the remainder when o(-5) is divided by 4.
2
Suppose 3*o - 3 = 0, -6*s = -s - 5*o - 75. Suppose 2*a = -2*v + 9 + 11, -v + s = -a. What is the remainder when 896/24 + (-2)/(-3) is divided by v?
12
Suppose 7 = 4*h - 3*h. Calculate the remainder when (-14)/49 + 405/21 is divided by h.
5
Let u(i) = -i**3 - 6*i**2 - 3*i + 5. What is the remainder when u(-7) is divided by 19?
18
Let m = 6 - 2. Suppose r = -m*r + w + 10, 3*r + w = 6. Suppose 12 = r*g - d, -2*g + 3*g = d + 5. What is the remainder when 12 is divided by g?
5
Suppose 0 = r + 2*r - 42. Calculate the remainder when 53 is divided by r.
11
Let g(v) = -12*v - 1. Calculate the remainder when g(-2) is divided by -3*4/(-12) + 7.
7
Suppose -3*n + 120 = 3*n. What is the remainder when n is divided by 3?
2
Let a = -82 + 173. What is the remainder when a is divided by 23?
22
Let j = -43 + 96. Suppose 0*y + 42 = 3*y. Calculate the remainder when j is divided by y.
11
Let i(h) = h**3 + 15*h**2 - 6*h - 5. Calculate the remainder when i(-15) is divided by 30.
25
Suppose -3*o = -3*l + 21, 0*o + o = -5*l + 59. Calculate the remainder when 43 is divided by l.
10
Suppose -5*h = 37 - 257. Suppose 5*x - h = 11. What is the remainder when 20 is divided by x?
9
Suppose 0*v + 3*m = 5*v - 215, v + m = 43. What is the remainder when v is divided by 15?
13
Suppose 6*u = 5*u + 35. Calculate the remainder when 2 is divided by 10/u - 24/(-14).
0
Let k(h) = 2*h**2 - 5*h**2 + 7*h + h**3 - 2*h**3 + 4. Let g be k(-5). Let w = -5 + g. Calculate the remainder when w is divided by 5.
4
Calculate the remainder when (4 - 3)/((-2)/(-100)) is divided by 18.
14
Let k = -10 + 11. Calculate the remainder when 1 + (9/3)/3 is divided by k.
0
Let s = 0 + 4. Suppose 0 = 2*l - x - 19 + s, 2*x + 9 = l. Calculate the remainder when 25 is divided by l.
4
Let d(r) be the second derivative of -r**4/12 + r**3/2 + r**2 - r. Suppose 3*j - j - 6 = m, 3*j = 3*m + 9. What is the remainder when 2 is divided by d(j)?
0
Let a(f) = f**3 - 6*f**2 + 3*f - 6. Suppose 2*b - 18 = 26. What is the remainder when b is divided by a(6)?
10
Let g be 8/(-36) + 124/(-9). Let c = 25 + g. Let r(z) = 8*z + 6. What is the remainder when r(3) is divided by c?
8
Let m = -24 + 32. Calculate the remainder when 21 is divided by m.
5
Let q be 6/10 + 704/(-40). Let r = -3 - q. What is the remainder when 27 is divided by r?
13
Let i be 25*(1 - (-1 + 1)). Let x be 2/10 - (-120)/i. Let r = 0 + x. What is the remainder when 13 is divided by r?
3
Suppose -3*y - 2*y = -430. Suppose 3*v - y = -5*i, 7*i + v = 4*i + 50. Let g(l) = 5*l**3 - 2*l**2 - 2*l + 3. What is the remainder when g(2) is divided b